{"id":968,"date":"2025-05-22T16:31:31","date_gmt":"2025-05-22T14:31:31","guid":{"rendered":"https:\/\/www.hego-for-boutiques.com\/Site2025\/?page_id=968"},"modified":"2025-06-09T15:48:59","modified_gmt":"2025-06-09T13:48:59","slug":"services","status":"publish","type":"page","link":"https:\/\/www.hego-for-boutiques.com\/Site2025\/services\/","title":{"rendered":"Services"},"content":{"rendered":"\n<div class=\"wp-block-cover alignfull has-palette-2-background-color\" style=\"min-height:539px;aspect-ratio:unset;\"><img loading=\"lazy\" decoding=\"async\" width=\"1400\" height=\"933\" class=\"wp-block-cover__image-background wp-image-983 size-large\" alt=\"cintres\" src=\"https:\/\/www.hego-for-boutiques.com\/Site2025\/wp-content\/uploads\/2025\/05\/Sesion1_PERCHAS_032-1400x933.jpg\" data-object-fit=\"cover\" srcset=\"https:\/\/www.hego-for-boutiques.com\/Site2025\/wp-content\/uploads\/2025\/05\/Sesion1_PERCHAS_032-1400x933.jpg 1400w, https:\/\/www.hego-for-boutiques.com\/Site2025\/wp-content\/uploads\/2025\/05\/Sesion1_PERCHAS_032-640x427.jpg 640w, https:\/\/www.hego-for-boutiques.com\/Site2025\/wp-content\/uploads\/2025\/05\/Sesion1_PERCHAS_032-480x320.jpg 480w, https:\/\/www.hego-for-boutiques.com\/Site2025\/wp-content\/uploads\/2025\/05\/Sesion1_PERCHAS_032-768x512.jpg 768w, https:\/\/www.hego-for-boutiques.com\/Site2025\/wp-content\/uploads\/2025\/05\/Sesion1_PERCHAS_032-1536x1024.jpg 1536w, https:\/\/www.hego-for-boutiques.com\/Site2025\/wp-content\/uploads\/2025\/05\/Sesion1_PERCHAS_032-2048x1365.jpg 2048w, https:\/\/www.hego-for-boutiques.com\/Site2025\/wp-content\/uploads\/2025\/05\/Sesion1_PERCHAS_032-680x453.jpg 680w\" sizes=\"auto, (max-width: 1400px) 100vw, 1400px\" \/><span aria-hidden=\"true\" class=\"wp-block-cover__background has-background-dim-0 has-background-dim\" style=\"background-color:#777574\"><\/span><div class=\"wp-block-cover__inner-container is-layout-flow wp-block-cover-is-layout-flow\">\n<div style=\"height:120px\" aria-hidden=\"true\" class=\"wp-block-spacer has-20vmax-min-height\"><\/div>\n\n\n<div class=\"alignwide-wrap\" data-block=\"columns\">\n<div class=\"wp-block-columns alignwide\">\n<div class=\"wp-block-column\" style=\"flex-basis:61.8%\"><\/div>\n\n\n\n<div class=\"wp-block-column\" style=\"flex-basis:38.2%\">\n<h2 class=\"wp-block-heading\">TRANSPARENCE ET EFFICACIT\u00c9<\/h2>\n\n\n\n<p class=\"has-large-font-size\">Votre s\u00e9r\u00e9nit\u00e9 et votre satisfaction sont au c\u0153ur de nos pr\u00e9occupations.<\/p>\n<\/div>\n<\/div>\n<\/div><\/div><\/div>\n\n\n\n<div style=\"height:100px\" aria-hidden=\"true\" class=\"wp-block-spacer\"><\/div>\n\n\n\n<div class=\"wp-block-columns alignfull\">\n<div class=\"wp-block-column\" style=\"flex-basis:50%\">\n<figure class=\"wp-block-image size-full\"><img loading=\"lazy\" decoding=\"async\" width=\"1292\" height=\"700\" src=\"https:\/\/www.hego-for-boutiques.com\/Site2025\/wp-content\/uploads\/2025\/05\/ecoute-client.jpg\" alt=\"\" class=\"wp-image-1009\" srcset=\"https:\/\/www.hego-for-boutiques.com\/Site2025\/wp-content\/uploads\/2025\/05\/ecoute-client.jpg 1292w, https:\/\/www.hego-for-boutiques.com\/Site2025\/wp-content\/uploads\/2025\/05\/ecoute-client-640x347.jpg 640w, https:\/\/www.hego-for-boutiques.com\/Site2025\/wp-content\/uploads\/2025\/05\/ecoute-client-480x260.jpg 480w, https:\/\/www.hego-for-boutiques.com\/Site2025\/wp-content\/uploads\/2025\/05\/ecoute-client-768x416.jpg 768w\" sizes=\"auto, (max-width: 1292px) 100vw, 1292px\" \/><\/figure>\n<\/div>\n\n\n\n<div class=\"wp-block-column is-vertically-aligned-center\" style=\"flex-basis:50%\">\n<h2 class=\"wp-block-heading has-large-font-size\">Avant tout, au service du client<\/h2>\n\n\n\n<p class=\"has-normal-font-size\">Notre priorit\u00e9 bien s\u00fbr est de vous satisfaire, vous, nos clients ou futures clients. Nous sommes \u00e0 l&rsquo;\u00e9coute de vos besoins et vos imp\u00e9ratifs, nous travaillons main dans la main avec vos experts en achats et en agencement de boutiques. Mais nous sommes l\u00e0 aussi pour vous apporter notre expertise, vous conseiller sur les produits adapt\u00e9s \u00e0 chaque usage, les contraintes li\u00e9es au r\u00e9gions climatiques de vos boutiques, les solutions pour le meilleur maintien et soin des v\u00eatements, chaussures et autres produits.<\/p>\n<\/div>\n<\/div>\n\n\n<div class=\"alignwide-wrap\" data-block=\"columns\">\n<div class=\"wp-block-columns alignwide is-style-no-margin-vertical\">\n<div class=\"wp-block-column is-vertically-aligned-center\" style=\"flex-basis:50%\">\n<h2 class=\"wp-block-heading has-large-font-size\">Le suivi des productions, un point essentiel<\/h2>\n\n\n\n<p class=\"has-normal-font-size\">Nous ne laissons pas \u00e0 d&rsquo;autres le soin de surveiller le bon d\u00e9roulement des \u00e9tapes de production. Du prototype \u00e0 l&#8217;emballage des produits, en passant par le contr\u00f4le qualit\u00e9, nous sommes toujours l\u00e0 en personne pour v\u00e9rifier que tout se d\u00e9roule bien.<\/p>\n<\/div>\n\n\n\n<div class=\"wp-block-column\" style=\"flex-basis:50%\">\n<figure class=\"wp-block-image size-full\"><img loading=\"lazy\" decoding=\"async\" width=\"1292\" height=\"700\" src=\"https:\/\/www.hego-for-boutiques.com\/Site2025\/wp-content\/uploads\/2025\/05\/controle-qualite.jpg\" alt=\"contr\u00f4le qualit\u00e9\" class=\"wp-image-1012\" srcset=\"https:\/\/www.hego-for-boutiques.com\/Site2025\/wp-content\/uploads\/2025\/05\/controle-qualite.jpg 1292w, https:\/\/www.hego-for-boutiques.com\/Site2025\/wp-content\/uploads\/2025\/05\/controle-qualite-640x347.jpg 640w, https:\/\/www.hego-for-boutiques.com\/Site2025\/wp-content\/uploads\/2025\/05\/controle-qualite-480x260.jpg 480w, https:\/\/www.hego-for-boutiques.com\/Site2025\/wp-content\/uploads\/2025\/05\/controle-qualite-768x416.jpg 768w\" sizes=\"auto, (max-width: 1292px) 100vw, 1292px\" \/><\/figure>\n<\/div>\n<\/div>\n<\/div>\n\n<div class=\"alignwide-wrap\" data-block=\"columns\">\n<div class=\"wp-block-columns alignwide\">\n<div class=\"wp-block-column\" style=\"flex-basis:50%\">\n<figure class=\"wp-block-image size-full\"><img loading=\"lazy\" decoding=\"async\" width=\"1292\" height=\"700\" src=\"https:\/\/www.hego-for-boutiques.com\/Site2025\/wp-content\/uploads\/2025\/05\/logistique-transport.jpg\" alt=\"\" class=\"wp-image-1015\" srcset=\"https:\/\/www.hego-for-boutiques.com\/Site2025\/wp-content\/uploads\/2025\/05\/logistique-transport.jpg 1292w, https:\/\/www.hego-for-boutiques.com\/Site2025\/wp-content\/uploads\/2025\/05\/logistique-transport-640x347.jpg 640w, https:\/\/www.hego-for-boutiques.com\/Site2025\/wp-content\/uploads\/2025\/05\/logistique-transport-480x260.jpg 480w, https:\/\/www.hego-for-boutiques.com\/Site2025\/wp-content\/uploads\/2025\/05\/logistique-transport-768x416.jpg 768w\" sizes=\"auto, (max-width: 1292px) 100vw, 1292px\" \/><\/figure>\n<\/div>\n\n\n\n<div class=\"wp-block-column is-vertically-aligned-center\" style=\"flex-basis:50%\">\n<h2 class=\"wp-block-heading has-large-font-size\">La logistique maitris\u00e9e<\/h2>\n\n\n\n<p class=\"has-normal-font-size\">Gr\u00e2ce \u00e0 nos partenaires transporteurs de confiance, nous assurons des livraisons fiables et efficaces, par bateau ou par avion, selon vos imp\u00e9ratifs. Nous livrons vos commandes dans vos entrep\u00f4ts de stockage ou directement dans vos boutiques, partout dans le monde.<\/p>\n<\/div>\n<\/div>\n<\/div>\n\n\n<div style=\"height:150px\" aria-hidden=\"true\" class=\"wp-block-spacer\"><\/div>\n\n\n\n<figure class=\"wp-block-gallery alignfull has-nested-images columns-default is-cropped is-style-no-gaps wp-block-gallery-1 is-layout-flex wp-block-gallery-is-layout-flex\"><\/figure>\n","protected":false},"excerpt":{"rendered":"<div class=\"entry-summary\">\nAvant tout, au service du client Notre priorit\u00e9 bien s\u00fbr est de vous satisfaire, vous, nos clients ou futures clients. Nous sommes \u00e0 l&rsquo;\u00e9coute de vos besoins et vos imp\u00e9ratifs, nous travaillons&hellip;\n<\/div>\n<div class=\"link-more-container\"><a href=\"https:\/\/www.hego-for-boutiques.com\/Site2025\/services\/\" class=\"link-more\" aria-label=\"Continue reading Services\">Continue reading&hellip;<\/a><\/div>\n","protected":false},"author":1,"featured_media":0,"parent":0,"menu_order":0,"comment_status":"closed","ping_status":"closed","template":"templates\/no-intro.php","meta":{"footnotes":""},"class_list":["post-968","page","type-page","status-publish","hentry","entry","entry-type-page"],"_links":{"self":[{"href":"https:\/\/www.hego-for-boutiques.com\/Site2025\/wp-json\/wp\/v2\/pages\/968","targetHints":{"allow":["GET"]}}],"collection":[{"href":"https:\/\/www.hego-for-boutiques.com\/Site2025\/wp-json\/wp\/v2\/pages"}],"about":[{"href":"https:\/\/www.hego-for-boutiques.com\/Site2025\/wp-json\/wp\/v2\/types\/page"}],"author":[{"embeddable":true,"href":"https:\/\/www.hego-for-boutiques.com\/Site2025\/wp-json\/wp\/v2\/users\/1"}],"replies":[{"embeddable":true,"href":"https:\/\/www.hego-for-boutiques.com\/Site2025\/wp-json\/wp\/v2\/comments?post=968"}],"version-history":[{"count":17,"href":"https:\/\/www.hego-for-boutiques.com\/Site2025\/wp-json\/wp\/v2\/pages\/968\/revisions"}],"predecessor-version":[{"id":1237,"href":"https:\/\/www.hego-for-boutiques.com\/Site2025\/wp-json\/wp\/v2\/pages\/968\/revisions\/1237"}],"wp:attachment":[{"href":"https:\/\/www.hego-for-boutiques.com\/Site2025\/wp-json\/wp\/v2\/media?parent=968"}],"curies":[{"name":"wp","href":"https:\/\/api.w.org\/{rel}","templated":true}]}}